et t be 1/((-4)/(1*o)). Let p(z) = 2*z - 3. Give p(t).
1
Let i(b) = b**3 + 6*b**2 - 10*b - 21. Let y be i(-7). Suppose n - 45 + 47 = y. Let s(j) = -j**3 + j**2. What is s(n)?
12
Let d be -4*1*(30 + -2)/112. Let j(q) = 26*q**2 + 12*q + 13. What is j(d)?
27
Let k be ((-4)/90*5)/(4/(-36)). Suppose 2*j + 11 = m + k, 3*j = -3*m. Let z(c) = -c**2 + c + 6. What is z(j)?
-6
Let k(w) be the first derivative of -7*w**2/2 + 39*w + 5487. Give k(6).
-3
Let c(d) be the first derivative of 3*d**3 + 9*d**2/2 + 10*d + 62. Let b(o) = 11*o**2 + 10*o + 11. Let p(l) = -5*b(l) + 6*c(l). What is p(4)?
5
Let y be (55 - 46) + (0 - -6). Let h(a) = -a**2 + 16*a + 5. Determine h(y).
20
Let k(z) = -z + 4. Let i be k(12). Let g(v) = -47*v - 12. Let y(x) = 17*x + 4. Let r(u) = -4*g(u) - 11*y(u). Determine r(i).
-4
Let t(n) = -n**2 + 3*n + 3. Let o = -121 - -174. Let b(v) = 358*v - 2198. Let a be b(6). Let c = o + a. Give t(c).
3
Suppose 3 = -4*f - 5. Let o(z) = 2*z**2 + z**2 + 190122*z - 190123*z. Give o(f).
14
Suppose -3*x = -2*i - 3*i + 2, 4*i - 1 = 3*x. Let u be ((3/(-2))/(-3))/((-21)/(-16002)). Let a(r) = -754 + 374 + u - r. Give a(x).
0
Let h(v) = 10*v**3 + 2*v**2 + 1. Let a(g) = 44*g + 1362. Let w be a(-31). What is h(w)?
-71
Let j(z) = -4*z**3 - 3*z**2 + 7*z - 4. Let o = 15631 + -15630. What is j(o)?
-4
Let f = 5643 - 5654. Let g(p) = 3*p + 51. Determine g(f).
18
Let o = 12467 - 12461. Let x(i) = -i**3 + 8*i**2 - 7*i - 14. Calculate x(o).
16
Let g(k) = -k**3 - 4*k**2 - 3*k + 19. Let h be ((-16 - -2) + 14)*1. Determine g(h).
19
Let t(z) = 8*z**3 - 17 - 13*z**2 - z**3 + 19*z**2 - 6*z**3 - 10*z. Give t(-6).
43
Let a(h) = h**2 - 17*h + 25. Let j(q) = -2*q**3 + 25*q**2 + 30*q - 219. Let g be j(13). Calculate a(g).
-5
Let x be (8/12)/(4/18). Suppose -x*f + 7*b = 9*b, 4*b = -4*f. Let v(q) be the third derivative of q**4/24 - q**3/6 + 7*q**2. Calculate v(f).
-1
Let r(m) be the first derivative of -3*m**2 + 6*m + 6. Let q = 3848 - 3844. Give r(q).
-18
Let f(d) = -d**2 - 7*d + 3. Let u = -193 - -195. Let i be u/((-20)/6) - (-999)/(-135). Give f(i).
-5
Let v(r) = -r**2 + 3*r + 2. Let w be 11 + (-12)/(6 - 9). Suppose 3*j + 12 = 0, -14*o = -w*o + 3*j + 9. Calculate v(o).
-16
Let d(m) = 3*m + 3985*m**2 - 7978*m**2 + 5 + 3990*m**2. Determine d(-2).
-13
Let b(c) = 5*c + 146. Suppose 45*o - 37*o - 65*o - 1653 = 0. Determine b(o).
1
Let d(y) be the first derivative of -48 + 1/2*y**2 + 4*y. Calculate d(10).
14
Let b(k) = -3*k**2 - 2*k - 1. Let w = 93 - 91. Let t(q) = -3 - w*q + q - 189*q**2 - 1 + 191*q**2. Let g be t(2). Give b(g).
-17
Let i(c) = -c**3 + 44*c**2 - 2*c + 87. Let j be i(44). Let m(y) = 2*y**2 - 7*y + 5. Let p(b) = -6*b**2 + 20*b - 14. Let s(u) = 17*m(u) + 6*p(u). Determine s(j).
-2
Let m(n) = -19 + 23*n + 18*n - 55*n + 11*n - n**2 + 14*n. Give m(3).
5
Let f(y) be the third derivative of -y**5/60 - y**4/3 - 19*y**3/6 + 6*y**2 + 50*y. Calculate f(-6).
-7
Let i = 688 - 305. Let n(m) = i*m**2 - 3 + 2 + m - 382*m**2. Let x = -338 + 336. What is n(x)?
1
Let d(u) = 16*u - 248. Let l be d(15). Let m(n) = 3*n**2 + 26*n + 10. What is m(l)?
-6
Let z = -67 + 69. Suppose z*v = -3*k + 37 - 12, v + 5 = 2*k. Let l(r) = -2*r**2 + 8*r - 4. What is l(k)?
-14
Let z(r) = -23*r + 551. Let x be z(24). Let y(q) be the second derivative of -11*q**3/6 - 2*q. What is y(x)?
11
Let a(m) = -9*m + 1. Let y(g) = 18*g - 3. Let w(k) = 5*a(k) + 2*y(k). Let z = 1567 + -1566. What is w(z)?
-10
Let r(a) = -2*a**2 + a - 1. Suppose 2*i + u = 1, -3*i = -6*i + 3*u + 15. Suppose -i*b = 2*t - 6, 2*t - 3*b - 2 = 4. What is r(t)?
-16
Let k(i) = i**3 - 5*i**2 - 4*i + 5. Let g = -1003 + 1008. Give k(g).
-15
Let a(u) be the second derivative of u**3/2 - 25*u**2/2 + 7366*u. Determine a(-8).
-49
Let p(n) = n**3 + 4*n**2 + 7*n + 1. Let q(h) = -180*h + 1617. Let d be q(9). Give p(d).
-11
Let a(x) = -x**3 + 21*x**2 - 21*x + 40. Let q be a(20). Suppose -q*v + 4 + 56 = 0. Let g(p) = p - 6. What is g(v)?
-3
Suppose 0 = 2*x - x. Suppose 0 = -3*l - o + 2, 0 = l - 4*o - x + 8. Let n(f) = -f**2 + 3*f - 1. Let c(p) = p. Let j(v) = 4*c(v) - n(v). Determine j(l).
1
Suppose -44 + 12 = -8*n. Suppose -2*g = -3*q - n*g - 1, 0 = -g - 5. Let x(d) = -141 + 2*d**3 - d**q + 146 + 4*d**2 - 3*d. Give x(-5).
-5
Let z be 2/(-9)*25056/(-928). Let j(r) = -r + 11. Let q(f) = -3*f + 34. Let n(s) = -7*j(s) + 2*q(s). What is n(z)?
-3
Suppose -4*y + 9*y = -20, 0 = -t - 5*y - 11. Let d(a) = a**2 - 10*a - 3. Give d(t).
-12
Let q(l) = -31*l + 5837. Let p be q(188). Let s(x) = x**3 - 7*x**2 - 20*x + 24. Calculate s(p).
6
Suppose 3*k - 2*k + 4*b = 30, 4*k - 82 = 3*b. Suppose -7*l + 4*o = -9*l - 20, 0 = -l - 5*o - k. Let x(c) = 2*c**3 + 3*c**2 + c + 1. Calculate x(l).
-5
Let o = 119 + -115. Let h(k) = 3 + 5*k - 7*k**2 + o*k - 7*k + 8*k**2. What is h(-3)?
6
Let x(o) = -99*o + 39. Let p(z) = -35*z + 13. Let t(m) = -17*p(m) + 6*x(m). Let h = 9 - 22. Determine t(h).
0
Let i(k) be the third derivative of 10*k + 5*k**2 + 0 - 1/2*k**3 - 1/8*k**4. What is i(-4)?
9
Let q(x) = -x**3 + 4*x**2 - x + 3. Suppose -186*o + 184*o + 8 = 0. Let h be 2 - 6 - (-28)/(0 + o). What is q(h)?
9
Let w(p) = 145*p + 1036. Let l(g) = 16*g + 109. Let h(b) = 19*l(b) - 2*w(b). Give h(-7).
-99
Let c(l) = l**3 + 2*l + 4. Let q = 24479 - 24476. Calculate c(q).
37
Let q(p) be the second derivative of p**5/20 + 13*p**4/12 + 5*p**3/6 - p**2 + p + 613. Give q(-13).
-67
Let i(d) = d**3 - d**2 + d - 9. Let p be 170/58 + 80/1160. Determine i(p).
12
Suppose -2*h - 5*c = -4, -79 + 81 = h - 2*c. Let x(z) = -5*z**3 - 3*z**2 + 2*z - 1. What is x(h)?
-49
Let t(x) = x**3 - 11*x**2 + 2*x - 20. Let y = -2774 - -2785. Give t(y).
2
Let o(u) be the second derivative of -1/2*u**2 + 2/3*u**3 - u + 50. Give o(5).
19
Let b(h) be the second derivative of -5/2*h**2 - 4/3*h**3 + 0 - 1/6*h**4 - 12*h. Determine b(-5).
-15
Let v(i) = -i**2 - 7*i - 9. Let l(a) = a - 25 + 6*a - 10*a. Let g be l(-13). Let s(k) = k**2 - 17*k + 35. Let t be s(g). Determine v(t).
-9
Let p(o) = 4*o**2 - 90*o + 42. Let f be ((-44)/(-20))/((-42)/140 + 8/20). Determine p(f).
-2
Suppose 26*f + 114 - 244 = 0. Suppose 3*s = 4*k + 26, -5*s + 5 = -4*k + 5*k. Let t(n) = -5 + n + s + n. What is t(f)?
7
Let o(y) = y**3 - 7*y**2 + 5*y + 7. Let p = -107 + 150. Suppose 5*f = 5*d + 35, -30 = 3*f + 5*d - p. Calculate o(f).
1
Let p = 78 - 72. Suppose 5*o - 4*v - 45 = 0, 3*o + 4*v + 35 = p*o. Let r(q) = -q**3 + 6*q**2 - 3*q. Determine r(o).
10
Let z(p) = -579*p + 0 + 1167*p - 585*p - 1. Suppose -f - q = 0, -3*f + 2*q = f + 12. Give z(f).
-7
Let q be 1/(4 - 3)*(-5 - -7). Let d(j) = -12*j**2 + 23*j + q - 3 - 25*j. Determine d(-1).
-11
Let d = -24 - -37. Suppose 0 = 4*q - d*q - 90. Let m(l) = l**3 + 10*l**2 + 3*l + 15. Determine m(q).
-15
Let w(r) = -2003861*r - r**2 + 4007731*r - 2003874*r + 4. Suppose -4*x = -30 - 10. Suppose x = -z - z. Determine w(z).
-1
Let n(v) be the third derivative of -v**6/360 + v**5/20 - 5*v**4/24 - 109*v**3/6 - 6*v**2. Let s(b) be the first derivative of n(b). Determine s(3).
4
Let z(t) be the third derivative of 13*t**4/12 - 352*t**3/3 + 2706*t**2 - 2. Determine z(27).
-2
Let c be ((-207)/276)/(2/(-56)) - -3. Let q(t) be the second derivative of -1/6*t**3 + 5/2*t**2 - c*t + 0. Calculate q(9).
-4
Let r(m) = -19*m. Suppose 2*k = 123*a - 118*a - 32, 3*k = 3*a - 30. Determine r(k).
114
Let x(a) = 3*a**3 + 3*a**2 - a - 7. Let t(s) = -6*s**3 - 7*s**2 + 2*s + 16. Let p(g) = -3*t(g) - 7*x(g). Let f be (18/4)/(288/128). Give p(f).
-21
Let b(i) = -31*i - 205. Let t be b(-7). Let g(l) = -3*l - 6 + t*l + l**3 - 5*l - 6*l**2. Determine g(5).
-11
Suppose 13*x + 23 = -n + 8*x, -10*n + 5*x - 65 = 0. Let t(g) = -4*g - 35. What is t(n)?
-3
Let j(i) = 4*i - 27. Let t be (-15)/((-135)/(-22))*(-45)/(-20)*-2. Calculate j(t).
17
Let c(k) = -k**2 - 11*k + 44. Let p be c(-14). Let v(t) = -t - t**3 + 3 + 0*t**2 + 3*t**p - 5. What is v(4)?
-22
Let z(q) be the first derivative of -3*q**2/2 - 3*q + 20. Let b(l) = 3*l + 2. Let u(f) = -4*b(f) - 3*z(f). Determine u(-1).
4
Let o(b) = b**2 + 4*b - 86. Let g be 672/64*4/24*4. Give o(g).
-9
Let y = 16954 + -16944. Let a(p) = -p**3 + 12*p**2 - 10*p + 11. What is a(y)?
111
Let z(i) = i + 9. Let u be z(-10). Let n(c) = -4*c**2 - 2*c - 15 - 7*c**2 - 13 + 27 + 3*c**2. Determine n(u).
-7
Let w(b) = -4*b**2 - 2*b + 1. Suppos